{"id":15,"date":"2014-07-07T13:59:31","date_gmt":"2014-07-07T11:59:31","guid":{"rendered":"http:\/\/drgolbs.de\/?page_id=15"},"modified":"2021-10-07T20:13:32","modified_gmt":"2021-10-07T18:13:32","slug":"sichere-kommunikation","status":"publish","type":"page","link":"https:\/\/drgolbs.de\/?page_id=15","title":{"rendered":"Sichere Kommunikation"},"content":{"rendered":"<p style=\"color: #000000;\">Die Sicherheit Ihrer Daten ist uns sehr wichtig. Um bei der Kommunikation per Email die Sicherheit Ihrer Daten zu gew\u00e4hrleisten, bitten wir Sie, uns nur noch PGP-verschl\u00fcsselte Emails zu senden.<\/p>\n<p style=\"color: #000000;\">Unseren \u00f6ffentlichen PGP-Schl\u00fcssel k\u00f6nnen Sie sich nachfolgend herunterladen.<\/p>\n<p><a href=\"http:\/\/drgolbs.de\/wp-content\/uploads\/2021\/10\/Zahnarztpraxis_Dr._Golbs__74516A7B__\u2013_public.asc\">http:\/\/drgolbs.de\/wp-content\/uploads\/2021\/10\/Zahnarztpraxis_Dr._Golbs__74516A7B__\u2013_public.asc<\/a><\/p>\n<p style=\"color: #000000;\">Fingerprint: 328995A05FFD17BA971B47D73AF2321B74516A7B<\/p>\n<p style=\"color: #000000;\">Weitere Informationen zur Verwendung von PGP<\/p>\n<p style=\"color: #000000;\"><a style=\"font-weight: inherit; font-style: inherit; color: #679ebc;\" title=\"Wikipedia &quot;Pretty Good Privacy&quot;\" href=\"http:\/\/de.wikipedia.org\/wiki\/Pretty_Good_Privacy\">http:\/\/de.wikipedia.org\/wiki\/Pretty_Good_Privacy<\/a><\/p>\n<p style=\"color: #000000;\">Max OS:\u00a0<a style=\"font-weight: inherit; font-style: inherit; color: #679ebc;\" title=\"GPGTools\" href=\"https:\/\/gpgtools.org\/\">https:\/\/gpgtools.org\/<\/a><br style=\"font-weight: inherit; font-style: inherit;\" \/>Linux:\u00a0<a style=\"font-weight: inherit; font-style: inherit; color: #679ebc;\" title=\"GnuPG\" href=\"http:\/\/www.gnupg.org\/\">http:\/\/www.gnupg.org\/<\/a><br style=\"font-weight: inherit; font-style: inherit;\" \/>Windows:\u00a0<a style=\"font-weight: inherit; font-style: inherit; color: #679ebc;\" title=\"GPGP4Win\" href=\"http:\/\/www.gpg4win.org\/\">http:\/\/www.gpg4win.org\/<\/a><\/p>\n","protected":false},"excerpt":{"rendered":"<p>Die Sicherheit Ihrer Daten ist uns sehr wichtig. Um bei der Kommunikation per Email die Sicherheit Ihrer Daten zu gew\u00e4hrleisten, bitten wir Sie, uns nur noch PGP-verschl\u00fcsselte Emails zu senden. Unseren \u00f6ffentlichen PGP-Schl\u00fcssel k\u00f6nnen Sie sich nachfolgend herunterladen. http:\/\/drgolbs.de\/wp-content\/uploads\/2021\/10\/Zahnarztpraxis_Dr._Golbs__74516A7B__\u2013_public.asc Fingerprint: 328995A05FFD17BA971B47D73AF2321B74516A7B Weitere Informationen zur Verwendung von PGP http:\/\/de.wikipedia.org\/wiki\/Pretty_Good_Privacy Max OS:\u00a0https:\/\/gpgtools.org\/Linux:\u00a0http:\/\/www.gnupg.org\/Windows:\u00a0http:\/\/www.gpg4win.org\/<\/p>\n","protected":false},"author":1,"featured_media":0,"parent":0,"menu_order":5,"comment_status":"closed","ping_status":"closed","template":"","meta":{"footnotes":""},"class_list":["post-15","page","type-page","status-publish","hentry"],"_links":{"self":[{"href":"https:\/\/drgolbs.de\/index.php?rest_route=\/wp\/v2\/pages\/15","targetHints":{"allow":["GET"]}}],"collection":[{"href":"https:\/\/drgolbs.de\/index.php?rest_route=\/wp\/v2\/pages"}],"about":[{"href":"https:\/\/drgolbs.de\/index.php?rest_route=\/wp\/v2\/types\/page"}],"author":[{"embeddable":true,"href":"https:\/\/drgolbs.de\/index.php?rest_route=\/wp\/v2\/users\/1"}],"replies":[{"embeddable":true,"href":"https:\/\/drgolbs.de\/index.php?rest_route=%2Fwp%2Fv2%2Fcomments&post=15"}],"version-history":[{"count":8,"href":"https:\/\/drgolbs.de\/index.php?rest_route=\/wp\/v2\/pages\/15\/revisions"}],"predecessor-version":[{"id":144,"href":"https:\/\/drgolbs.de\/index.php?rest_route=\/wp\/v2\/pages\/15\/revisions\/144"}],"wp:attachment":[{"href":"https:\/\/drgolbs.de\/index.php?rest_route=%2Fwp%2Fv2%2Fmedia&parent=15"}],"curies":[{"name":"wp","href":"https:\/\/api.w.org\/{rel}","templated":true}]}}